{"id":190,"date":"2022-11-04T14:56:48","date_gmt":"2022-11-04T13:56:48","guid":{"rendered":"http:\/\/api25.fr\/?page_id=190"},"modified":"2025-07-25T11:22:05","modified_gmt":"2025-07-25T09:22:05","slug":"parcours-dinsertion","status":"publish","type":"page","link":"https:\/\/api25.fr\/index.php\/employeurs-demandeurs-demploi\/parcours-dinsertion\/","title":{"rendered":"Parcours d&rsquo;insertion"},"content":{"rendered":"\t\t<div data-elementor-type=\"wp-page\" data-elementor-id=\"190\" class=\"elementor elementor-190\">\n\t\t\t\t\t\t<section class=\"elementor-section elementor-top-section elementor-element elementor-element-0561741 elementor-section-boxed elementor-section-height-default elementor-section-height-default\" data-id=\"0561741\" data-element_type=\"section\" data-settings=\"{&quot;background_background&quot;:&quot;classic&quot;}\">\n\t\t\t\t\t\t<div class=\"elementor-container elementor-column-gap-default\">\n\t\t\t\t\t<div class=\"elementor-column elementor-col-100 elementor-top-column elementor-element elementor-element-c928eff\" data-id=\"c928eff\" data-element_type=\"column\">\n\t\t\t<div class=\"elementor-widget-wrap elementor-element-populated\">\n\t\t\t\t\t\t<div class=\"elementor-element elementor-element-0d3a0b8 elementor-widget__width-inherit elementor-widget elementor-widget-heading\" data-id=\"0d3a0b8\" data-element_type=\"widget\" data-widget_type=\"heading.default\">\n\t\t\t\t<div class=\"elementor-widget-container\">\n\t\t\t\t\t<h1 class=\"elementor-heading-title elementor-size-default\">Parcours d'insertion<\/h1>\t\t\t\t<\/div>\n\t\t\t\t<\/div>\n\t\t\t\t\t<\/div>\n\t\t<\/div>\n\t\t\t\t\t<\/div>\n\t\t<\/section>\n\t\t\t\t<section class=\"elementor-section elementor-top-section elementor-element elementor-element-be84948 elementor-section-boxed elementor-section-height-default elementor-section-height-default\" data-id=\"be84948\" data-element_type=\"section\" data-settings=\"{&quot;background_background&quot;:&quot;classic&quot;}\">\n\t\t\t\t\t\t<div class=\"elementor-container elementor-column-gap-default\">\n\t\t\t\t\t<div class=\"elementor-column elementor-col-100 elementor-top-column elementor-element elementor-element-48c4ddc\" data-id=\"48c4ddc\" data-element_type=\"column\">\n\t\t\t<div class=\"elementor-widget-wrap elementor-element-populated\">\n\t\t\t\t\t\t<div class=\"elementor-element elementor-element-2102a3a elementor-widget elementor-widget-text-editor\" data-id=\"2102a3a\" data-element_type=\"widget\" data-widget_type=\"text-editor.default\">\n\t\t\t\t<div class=\"elementor-widget-container\">\n\t\t\t\t\t\t\t\t\t<div class=\"elementor-widget-container\">\n<p>Le parcours d\u2019insertion s\u2019appuie sur un Contrat \u00e0 Dur\u00e9e D\u00e9termin\u00e9e d\u2019Insertion (CDDI) qui s\u2019adresse aux personnes au ch\u00f4mage et rencontrant des difficult\u00e9s sociales et professionnelles particuli\u00e8res (jeunes de moins de 26 ans en grande difficult\u00e9, b\u00e9n\u00e9ficiaires de minima sociaux tel que RSA, demandeurs d\u2019emploi de longues dur\u00e9e, travailleurs reconnus handicap\u00e9s&#8230;).<\/p>\n<p>Les objectifs du parcours en insertion sont les suivants :<\/p>\n<ul>\n<li>Acqu\u00e9rir les savoir-\u00eatre de base n\u00e9cessaires en entreprise<\/li>\n<li>Acqu\u00e9rir une exp\u00e9rience professionnelle<\/li>\n<li>Se former pour acqu\u00e9rir les connaissances et les savoir-faire n\u00e9cessaires<\/li>\n<li>Lever les freins sociaux \u00e0 l&#8217;emploi<\/li>\n<\/ul>\n<p>Les engagements du salari\u00e9 en contrat d&rsquo;insertion:<\/p>\n<ul>\n<li>Int\u00e9grer une \u00e9quipe sous la direction d&rsquo;un encadrant technique<\/li>\n<li>Venir travailler de mani\u00e8re assidue<\/li>\n<li>S&rsquo;impliquer dans son parcours, notamment en participant r\u00e9guli\u00e8rement \u00e0 des entretiens avec un accompagnant socioprofessionnel<\/li>\n<\/ul>\n<\/div>\n<p>Que le salari\u00e9 ait un projet de formation ou d\u2019emploi direct, tout est mis en \u0153uvre par l\u2019association pour l\u2019accompagner et l\u2019aider \u00e0 le mener \u00e0 bien.<\/p>\n<p><!-- \/wp:paragraph --><\/p>\t\t\t\t\t\t\t\t<\/div>\n\t\t\t\t<\/div>\n\t\t\t\t\t<\/div>\n\t\t<\/div>\n\t\t\t\t\t<\/div>\n\t\t<\/section>\n\t\t\t\t<\/div>\n\t\t","protected":false},"excerpt":{"rendered":"<p>Parcours d&rsquo;insertion Le parcours d\u2019insertion s\u2019appuie sur un Contrat \u00e0 Dur\u00e9e D\u00e9termin\u00e9e d\u2019Insertion (CDDI) qui s\u2019adresse aux personnes au ch\u00f4mage et rencontrant des difficult\u00e9s sociales et professionnelles particuli\u00e8res (jeunes de moins de 26 ans en grande difficult\u00e9, b\u00e9n\u00e9ficiaires de minima sociaux tel que RSA, demandeurs d\u2019emploi de longues dur\u00e9e, travailleurs reconnus handicap\u00e9s&#8230;). Les objectifs du &#8230; <a title=\"Parcours d&rsquo;insertion\" class=\"read-more\" href=\"https:\/\/api25.fr\/index.php\/employeurs-demandeurs-demploi\/parcours-dinsertion\/\" aria-label=\"En savoir plus sur Parcours d&rsquo;insertion\">Lire la suite<\/a><\/p>\n","protected":false},"author":1,"featured_media":0,"parent":62,"menu_order":2,"comment_status":"closed","ping_status":"closed","template":"","meta":{"footnotes":""},"folder":[18],"class_list":["post-190","page","type-page","status-publish"],"_links":{"self":[{"href":"https:\/\/api25.fr\/index.php\/wp-json\/wp\/v2\/pages\/190","targetHints":{"allow":["GET"]}}],"collection":[{"href":"https:\/\/api25.fr\/index.php\/wp-json\/wp\/v2\/pages"}],"about":[{"href":"https:\/\/api25.fr\/index.php\/wp-json\/wp\/v2\/types\/page"}],"author":[{"embeddable":true,"href":"https:\/\/api25.fr\/index.php\/wp-json\/wp\/v2\/users\/1"}],"replies":[{"embeddable":true,"href":"https:\/\/api25.fr\/index.php\/wp-json\/wp\/v2\/comments?post=190"}],"version-history":[{"count":32,"href":"https:\/\/api25.fr\/index.php\/wp-json\/wp\/v2\/pages\/190\/revisions"}],"predecessor-version":[{"id":2466,"href":"https:\/\/api25.fr\/index.php\/wp-json\/wp\/v2\/pages\/190\/revisions\/2466"}],"up":[{"embeddable":true,"href":"https:\/\/api25.fr\/index.php\/wp-json\/wp\/v2\/pages\/62"}],"wp:attachment":[{"href":"https:\/\/api25.fr\/index.php\/wp-json\/wp\/v2\/media?parent=190"}],"wp:term":[{"taxonomy":"folder","embeddable":true,"href":"https:\/\/api25.fr\/index.php\/wp-json\/wp\/v2\/folder?post=190"}],"curies":[{"name":"wp","href":"https:\/\/api.w.org\/{rel}","templated":true}]}}