{"id":287,"date":"2022-11-16T16:55:20","date_gmt":"2022-11-16T15:55:20","guid":{"rendered":"http:\/\/api25.fr\/?page_id=287"},"modified":"2025-12-10T14:36:10","modified_gmt":"2025-12-10T13:36:10","slug":"cabordes","status":"publish","type":"page","link":"https:\/\/api25.fr\/index.php\/albums-photos\/cabordes\/","title":{"rendered":"Cabordes"},"content":{"rendered":"<style>\/*! elementor - v3.8.1 - 13-11-2022 *\/<br \/>\n.elementor-heading-title{padding:0;margin:0;line-height:1}.elementor-widget-heading .elementor-heading-title[class*=elementor-size-]>a{color:inherit;font-size:inherit;line-height:inherit}.elementor-widget-heading .elementor-heading-title.elementor-size-small{font-size:15px}.elementor-widget-heading .elementor-heading-title.elementor-size-medium{font-size:19px}.elementor-widget-heading .elementor-heading-title.elementor-size-large{font-size:29px}.elementor-widget-heading .elementor-heading-title.elementor-size-xl{font-size:39px}.elementor-widget-heading .elementor-heading-title.elementor-size-xxl{font-size:59px}<\/style>\n<h2>Besan\u00e7on &#8211; Rosemont 1<\/h2>\n<style>\/*! elementor - v3.8.1 - 13-11-2022 *\/<br \/>\n.elementor-widget-image{text-align:center}.elementor-widget-image a{display:inline-block}.elementor-widget-image a img[src$=\".svg\"]{width:48px}.elementor-widget-image img{vertical-align:middle;display:inline-block}<\/style>\n<p>\t\t\t\t\t\t\t\t\t\t\t\t\t<a href=\"http:\/\/api25.fr\/wp-content\/uploads\/2023\/06\/Besancon-Caborde-Rosemont-1-avant.jpg\"><br \/>\n\t\t\t\t\t\t\t<img loading=\"lazy\" decoding=\"async\" width=\"1455\" height=\"975\" src=\"http:\/\/api25.fr\/wp-content\/uploads\/2023\/06\/Besancon-Caborde-Rosemont-1-avant.jpg\" alt=\"\" loading=\"lazy\" srcset=\"http:\/\/api25.fr\/wp-content\/uploads\/2023\/06\/Besancon-Caborde-Rosemont-1-avant.jpg 1455w, http:\/\/api25.fr\/wp-content\/uploads\/2023\/06\/Besancon-Caborde-Rosemont-1-avant-300x201.jpg 300w, http:\/\/api25.fr\/wp-content\/uploads\/2023\/06\/Besancon-Caborde-Rosemont-1-avant-1024x686.jpg 1024w, http:\/\/api25.fr\/wp-content\/uploads\/2023\/06\/Besancon-Caborde-Rosemont-1-avant-768x515.jpg 768w\" sizes=\"auto, (max-width: 1455px) 100vw, 1455px\" \/>\t\t\t\t\t\t\t\t<\/a><\/p>\n<h2 style=\"font-family: var( --e-global-typography-primary-font-family ), Sans-serif; font-style: normal; font-weight: var( --e-global-typography-primary-font-weight ); color: var( --e-global-color-text );\" data-elementor-setting-key=\"title\" data-pen-placeholder=\"\u00c9crivez ici...\">Avant<\/h2>\n<p>\t\t\t\t\t\t\t\t\t\t\t\t\t\t\t\t<a href=\"http:\/\/api25.fr\/wp-content\/uploads\/2022\/11\/Besancon-Caborde-Rosemont-1-apres-1536x1017.jpg\"><br \/>\n\t\t\t\t\t\t\t<img loading=\"lazy\" decoding=\"async\" width=\"2560\" height=\"1696\" src=\"http:\/\/api25.fr\/wp-content\/uploads\/2022\/11\/Besancon-Caborde-Rosemont-1-apres-scaled.jpg\" alt=\"\" loading=\"lazy\" srcset=\"http:\/\/api25.fr\/wp-content\/uploads\/2022\/11\/Besancon-Caborde-Rosemont-1-apres-scaled.jpg 2560w, http:\/\/api25.fr\/wp-content\/uploads\/2022\/11\/Besancon-Caborde-Rosemont-1-apres-300x199.jpg 300w, http:\/\/api25.fr\/wp-content\/uploads\/2022\/11\/Besancon-Caborde-Rosemont-1-apres-1024x678.jpg 1024w, http:\/\/api25.fr\/wp-content\/uploads\/2022\/11\/Besancon-Caborde-Rosemont-1-apres-768x509.jpg 768w, http:\/\/api25.fr\/wp-content\/uploads\/2022\/11\/Besancon-Caborde-Rosemont-1-apres-1536x1017.jpg 1536w, http:\/\/api25.fr\/wp-content\/uploads\/2022\/11\/Besancon-Caborde-Rosemont-1-apres-2048x1356.jpg 2048w\" sizes=\"auto, (max-width: 2560px) 100vw, 2560px\" \/>\t\t\t\t\t\t\t\t<\/a><\/p>\n<h2 style=\"font-family: var( --e-global-typography-primary-font-family ), Sans-serif; font-style: normal; font-weight: var( --e-global-typography-primary-font-weight ); color: var( --e-global-color-text ); text-align: center;\" data-elementor-setting-key=\"title\" data-pen-placeholder=\"\u00c9crivez ici...\">Apr\u00e8s<\/h2>\n<style>\/*! elementor - v3.8.1 - 13-11-2022 *\/<br \/>\n.elementor-column .elementor-spacer-inner{height:var(--spacer-size)}.e-con{--container-widget-width:100%}.e-con-inner>.elementor-widget-spacer,.e-con>.elementor-widget-spacer{width:var(--container-widget-width,var(--spacer-size));-ms-flex-item-align:stretch;align-self:stretch;-ms-flex-negative:0;flex-shrink:0}.e-con-inner>.elementor-widget-spacer>.elementor-widget-container,.e-con-inner>.elementor-widget-spacer>.elementor-widget-container>.elementor-spacer,.e-con>.elementor-widget-spacer>.elementor-widget-container,.e-con>.elementor-widget-spacer>.elementor-widget-container>.elementor-spacer{height:100%}.e-con-inner>.elementor-widget-spacer>.elementor-widget-container>.elementor-spacer>.elementor-spacer-inner,.e-con>.elementor-widget-spacer>.elementor-widget-container>.elementor-spacer>.elementor-spacer-inner{height:var(--container-widget-height,var(--spacer-size))}<\/style>\n<h2>Besan\u00e7on &#8211; Rosemont 2<\/h2>\n<p>\t\t\t\t\t\t\t\t\t\t\t\t\t\t\t\t<a href=\"http:\/\/api25.fr\/wp-content\/uploads\/2023\/06\/Besancon-Caborde-Rosemont-2014-22.jpg\"><br \/>\n\t\t\t\t\t\t\t<img loading=\"lazy\" decoding=\"async\" width=\"1024\" height=\"683\" src=\"http:\/\/api25.fr\/wp-content\/uploads\/2023\/06\/Besancon-Caborde-Rosemont-2014-22.jpg\" alt=\"\" loading=\"lazy\" srcset=\"http:\/\/api25.fr\/wp-content\/uploads\/2023\/06\/Besancon-Caborde-Rosemont-2014-22.jpg 1024w, http:\/\/api25.fr\/wp-content\/uploads\/2023\/06\/Besancon-Caborde-Rosemont-2014-22-300x200.jpg 300w, http:\/\/api25.fr\/wp-content\/uploads\/2023\/06\/Besancon-Caborde-Rosemont-2014-22-768x512.jpg 768w\" sizes=\"auto, (max-width: 1024px) 100vw, 1024px\" \/>\t\t\t\t\t\t\t\t<\/a><\/p>\n<h2 style=\"font-family: var( --e-global-typography-primary-font-family ), Sans-serif; font-style: normal; font-weight: var( --e-global-typography-primary-font-weight ); color: var( --e-global-color-text );\" data-elementor-setting-key=\"title\" data-pen-placeholder=\"\u00c9crivez ici...\">Avant<\/h2>\n<p>\t\t\t\t\t\t\t\t\t\t\t\t\t\t\t\t<a href=\"http:\/\/api25.fr\/wp-content\/uploads\/2022\/11\/Besancon-Caborde-Rosemont-2-apres-1536x1017.jpg\"><br \/>\n\t\t\t\t\t\t\t<img loading=\"lazy\" decoding=\"async\" width=\"1604\" height=\"1062\" src=\"http:\/\/api25.fr\/wp-content\/uploads\/2022\/11\/Besancon-Caborde-Rosemont-2-apres.jpg\" alt=\"\" loading=\"lazy\" srcset=\"http:\/\/api25.fr\/wp-content\/uploads\/2022\/11\/Besancon-Caborde-Rosemont-2-apres.jpg 1604w, http:\/\/api25.fr\/wp-content\/uploads\/2022\/11\/Besancon-Caborde-Rosemont-2-apres-300x199.jpg 300w, http:\/\/api25.fr\/wp-content\/uploads\/2022\/11\/Besancon-Caborde-Rosemont-2-apres-1024x678.jpg 1024w, http:\/\/api25.fr\/wp-content\/uploads\/2022\/11\/Besancon-Caborde-Rosemont-2-apres-768x508.jpg 768w, http:\/\/api25.fr\/wp-content\/uploads\/2022\/11\/Besancon-Caborde-Rosemont-2-apres-1536x1017.jpg 1536w\" sizes=\"auto, (max-width: 1604px) 100vw, 1604px\" \/>\t\t\t\t\t\t\t\t<\/a><\/p>\n<h2 style=\"font-family: var( --e-global-typography-primary-font-family ), Sans-serif; font-style: normal; font-weight: var( --e-global-typography-primary-font-weight ); color: var( --e-global-color-text ); text-align: center;\" data-elementor-setting-key=\"title\" data-pen-placeholder=\"\u00c9crivez ici...\">Apr\u00e8s<\/h2>\n<h2>Nancray &#8211; Mus\u00e9e des Maisons Comtoises<\/h2>\n<p>\t\t\t\t\t\t\t\t\t\t\t\t\t\t\t\t<a href=\"http:\/\/api25.fr\/wp-content\/uploads\/2022\/11\/Nancray-Caborde-avant.jpg\"><br \/>\n\t\t\t\t\t\t\t<img loading=\"lazy\" decoding=\"async\" width=\"1062\" height=\"709\" src=\"http:\/\/api25.fr\/wp-content\/uploads\/2022\/11\/Nancray-Caborde-avant.jpg\" alt=\"\" loading=\"lazy\" srcset=\"http:\/\/api25.fr\/wp-content\/uploads\/2022\/11\/Nancray-Caborde-avant.jpg 1062w, http:\/\/api25.fr\/wp-content\/uploads\/2022\/11\/Nancray-Caborde-avant-300x200.jpg 300w, http:\/\/api25.fr\/wp-content\/uploads\/2022\/11\/Nancray-Caborde-avant-1024x684.jpg 1024w, http:\/\/api25.fr\/wp-content\/uploads\/2022\/11\/Nancray-Caborde-avant-768x513.jpg 768w\" sizes=\"auto, (max-width: 1062px) 100vw, 1062px\" \/>\t\t\t\t\t\t\t\t<\/a><\/p>\n<h2 style=\"font-family: var( --e-global-typography-primary-font-family ), Sans-serif; font-style: normal; font-weight: var( --e-global-typography-primary-font-weight ); color: var( --e-global-color-text );\" data-elementor-setting-key=\"title\" data-pen-placeholder=\"\u00c9crivez ici...\">Avant<\/h2>\n<p>\t\t\t\t\t\t\t\t\t\t\t\t\t\t\t\t<a href=\"http:\/\/api25.fr\/wp-content\/uploads\/2022\/11\/Nancray-Caborde-apres-1536x1017.jpg\"><br \/>\n\t\t\t\t\t\t\t<img loading=\"lazy\" decoding=\"async\" width=\"1604\" height=\"1062\" src=\"http:\/\/api25.fr\/wp-content\/uploads\/2022\/11\/Nancray-Caborde-apres.jpg\" alt=\"\" loading=\"lazy\" srcset=\"http:\/\/api25.fr\/wp-content\/uploads\/2022\/11\/Nancray-Caborde-apres.jpg 1604w, http:\/\/api25.fr\/wp-content\/uploads\/2022\/11\/Nancray-Caborde-apres-300x199.jpg 300w, http:\/\/api25.fr\/wp-content\/uploads\/2022\/11\/Nancray-Caborde-apres-1024x678.jpg 1024w, http:\/\/api25.fr\/wp-content\/uploads\/2022\/11\/Nancray-Caborde-apres-768x508.jpg 768w, http:\/\/api25.fr\/wp-content\/uploads\/2022\/11\/Nancray-Caborde-apres-1536x1017.jpg 1536w\" sizes=\"auto, (max-width: 1604px) 100vw, 1604px\" \/>\t\t\t\t\t\t\t\t<\/a><\/p>\n<h2 style=\"font-family: var( --e-global-typography-primary-font-family ), Sans-serif; font-style: normal; font-weight: var( --e-global-typography-primary-font-weight ); color: var( --e-global-color-text ); text-align: center;\" data-elementor-setting-key=\"title\" data-pen-placeholder=\"\u00c9crivez ici...\">Apr\u00e8s<\/h2>\n<h2>Cramans<\/h2>\n<p>\t\t\t\t\t\t\t\t\t\t\t\t\t\t\t\t<a href=\"http:\/\/api25.fr\/wp-content\/uploads\/2023\/03\/Cramans-Caborde-47-1536x1017.jpg\"><br \/>\n\t\t\t\t\t\t\t<img loading=\"lazy\" decoding=\"async\" width=\"2560\" height=\"1696\" src=\"http:\/\/api25.fr\/wp-content\/uploads\/2023\/03\/Cramans-Caborde-47-scaled.jpg\" alt=\"\" loading=\"lazy\" srcset=\"http:\/\/api25.fr\/wp-content\/uploads\/2023\/03\/Cramans-Caborde-47-scaled.jpg 2560w, http:\/\/api25.fr\/wp-content\/uploads\/2023\/03\/Cramans-Caborde-47-300x199.jpg 300w, http:\/\/api25.fr\/wp-content\/uploads\/2023\/03\/Cramans-Caborde-47-1024x678.jpg 1024w, http:\/\/api25.fr\/wp-content\/uploads\/2023\/03\/Cramans-Caborde-47-768x509.jpg 768w, http:\/\/api25.fr\/wp-content\/uploads\/2023\/03\/Cramans-Caborde-47-1536x1017.jpg 1536w, http:\/\/api25.fr\/wp-content\/uploads\/2023\/03\/Cramans-Caborde-47-2048x1356.jpg 2048w, http:\/\/api25.fr\/wp-content\/uploads\/2023\/03\/elementor\/thumbs\/Cramans-Caborde-47-scaled-q2vb3kfx9ml6swwrmrk1dfjftirm2050mbqpse7j6y.jpg 750w\" sizes=\"auto, (max-width: 2560px) 100vw, 2560px\" \/>\t\t\t\t\t\t\t\t<\/a><\/p>\n<h2 style=\"font-family: var( --e-global-typography-primary-font-family ), Sans-serif; font-style: normal; font-weight: var( --e-global-typography-primary-font-weight ); color: var( --e-global-color-text );\" data-elementor-setting-key=\"title\" data-pen-placeholder=\"\u00c9crivez ici...\">Avant<\/h2>\n<p>\t\t\t\t\t\t\t\t\t\t\t\t\t\t\t\t<a href=\"http:\/\/api25.fr\/wp-content\/uploads\/2023\/02\/Cramans-Caborde-apres-scaled-2-1536x1018.jpg\"><br \/>\n\t\t\t\t\t\t\t<img loading=\"lazy\" decoding=\"async\" width=\"2560\" height=\"1696\" src=\"http:\/\/api25.fr\/wp-content\/uploads\/2023\/02\/Cramans-Caborde-apres-scaled-2.jpg\" alt=\"\" loading=\"lazy\" srcset=\"http:\/\/api25.fr\/wp-content\/uploads\/2023\/02\/Cramans-Caborde-apres-scaled-2.jpg 2560w, http:\/\/api25.fr\/wp-content\/uploads\/2023\/02\/Cramans-Caborde-apres-scaled-2-300x199.jpg 300w, http:\/\/api25.fr\/wp-content\/uploads\/2023\/02\/Cramans-Caborde-apres-scaled-2-1024x678.jpg 1024w, http:\/\/api25.fr\/wp-content\/uploads\/2023\/02\/Cramans-Caborde-apres-scaled-2-768x509.jpg 768w, http:\/\/api25.fr\/wp-content\/uploads\/2023\/02\/Cramans-Caborde-apres-scaled-2-1536x1018.jpg 1536w, http:\/\/api25.fr\/wp-content\/uploads\/2023\/02\/Cramans-Caborde-apres-scaled-2-2048x1357.jpg 2048w\" sizes=\"auto, (max-width: 2560px) 100vw, 2560px\" \/>\t\t\t\t\t\t\t\t<\/a><\/p>\n<h2 style=\"font-family: var( --e-global-typography-primary-font-family ), Sans-serif; font-style: normal; font-weight: var( --e-global-typography-primary-font-weight ); color: var( --e-global-color-text ); text-align: center;\" data-elementor-setting-key=\"title\" data-pen-placeholder=\"\u00c9crivez ici...\">Apr\u00e8s<\/h2>\n\n\n<p><\/p>\n","protected":false},"excerpt":{"rendered":"<p>Besan\u00e7on &#8211; Rosemont 1 Avant Apr\u00e8s Besan\u00e7on &#8211; Rosemont 2 Avant Apr\u00e8s Nancray &#8211; Mus\u00e9e des Maisons Comtoises Avant Apr\u00e8s Cramans Avant Apr\u00e8s<\/p>\n","protected":false},"author":1,"featured_media":0,"parent":68,"menu_order":2,"comment_status":"closed","ping_status":"closed","template":"","meta":{"footnotes":""},"folder":[16],"class_list":["post-287","page","type-page","status-publish"],"_links":{"self":[{"href":"https:\/\/api25.fr\/index.php\/wp-json\/wp\/v2\/pages\/287","targetHints":{"allow":["GET"]}}],"collection":[{"href":"https:\/\/api25.fr\/index.php\/wp-json\/wp\/v2\/pages"}],"about":[{"href":"https:\/\/api25.fr\/index.php\/wp-json\/wp\/v2\/types\/page"}],"author":[{"embeddable":true,"href":"https:\/\/api25.fr\/index.php\/wp-json\/wp\/v2\/users\/1"}],"replies":[{"embeddable":true,"href":"https:\/\/api25.fr\/index.php\/wp-json\/wp\/v2\/comments?post=287"}],"version-history":[{"count":197,"href":"https:\/\/api25.fr\/index.php\/wp-json\/wp\/v2\/pages\/287\/revisions"}],"predecessor-version":[{"id":2521,"href":"https:\/\/api25.fr\/index.php\/wp-json\/wp\/v2\/pages\/287\/revisions\/2521"}],"up":[{"embeddable":true,"href":"https:\/\/api25.fr\/index.php\/wp-json\/wp\/v2\/pages\/68"}],"wp:attachment":[{"href":"https:\/\/api25.fr\/index.php\/wp-json\/wp\/v2\/media?parent=287"}],"wp:term":[{"taxonomy":"folder","embeddable":true,"href":"https:\/\/api25.fr\/index.php\/wp-json\/wp\/v2\/folder?post=287"}],"curies":[{"name":"wp","href":"https:\/\/api.w.org\/{rel}","templated":true}]}}